s digit of i(-6)?
1
Let j be (-2)/4*1*0. Suppose 0 = -3*o + o + 8. Suppose j*d + 20 = o*d. What is the units digit of d?
5
What is the units digit of 258/(-24)*(-12)/1?
9
Suppose 44*d - 39*d - 375 = 0. What is the units digit of d?
5
Let p be (-18)/(-81) + 158/18. What is the units digit of 6 - (-1)/((-3)/p)?
3
Let a(l) = l**3 - 12*l**2 + 12*l - 14. Let y be a(11). What is the tens digit of (y + 39/15)*-45?
1
Suppose 0 = 14*a - 19*a + 730. What is the tens digit of a?
4
What is the units digit of (30/(-75))/((-2)/130)?
6
Let y = 147 - 96. Suppose 81 = 5*k + 3*d, d = 3*k + 4*d - y. What is the units digit of k?
5
Suppose -5*d - 6 = 9. Let t = 6 + d. Suppose -4*l - 10 = -5*o, 2*o = t*o - l - 2. What is the units digit of o?
2
Let v be 0/3*(0 + 1). Suppose -5*o = -v*o - 25. What is the units digit of 8 - (0 + -3 + o)?
6
Suppose -2*m - 2*b = -6, -5*m + 24 = -0*m - 4*b. Suppose l + 2*h + 12 = 2*l, -m*l - h + 12 = 0. What is the units digit of l?
4
Suppose 2*i + f + 3*f = 68, 0 = -2*f - 10. What is the tens digit of i?
4
Suppose 0 = -g + 8 + 7. What is the tens digit of g?
1
Let g(d) = -38*d + 11. Let t be g(-8). What is the units digit of (-2)/(-5) - t/(-25)?
3
Let q be (-11)/(-2) - (-9)/(-6). Suppose i + 3*z + z = -13, -q*z - 20 = 0. What is the units digit of i?
7
Suppose 0 = -5*g + 3*t + 25, 3*t = -g + 4*g - 21. Suppose 0*n = 3*n - 15. Let a = n + g. What is the units digit of a?
7
Suppose -171 = -4*u + 241. What is the tens digit of u?
0
Let b(l) = -l**3 - 2*l**2 + 2*l + 4. Let m be b(-3). Suppose -3*u + 6 = -0*g - 3*g, -3*g = -4*u + 12. Suppose -v = -m - u. What is the tens digit of v?
1
Suppose 4*o - f = 132, -86 = -5*o + 2*o + 4*f. Suppose -n - 4*h = 0, o + 2 = 2*n - h. What is the units digit of n?
6
Let d = 12 - 8. Suppose -2*x = -5*j + 3*x + 180, -j = d*x - 31. What is the units digit of j?
5
Suppose 3*s - 5*s + 162 = 0. What is the tens digit of s?
8
Let c(j) = 3*j - 5. What is the tens digit of c(5)?
1
Let h be 1*-1*(1 - 4). What is the units digit of (h + 1)*15/6?
0
Suppose -3*p + 23 = -76. What is the tens digit of 392/22 + 6/p?
1
Let x(n) = 67*n - 1. Let h be x(-3). Let z be h/10 - (-2)/10. What is the tens digit of (-16)/z*25/2?
1
What is the tens digit of (-35*(0 - 2))/2?
3
Suppose 79*a = 78*a + 37. What is the tens digit of a?
3
Let o be -1 - (-214 - -1)/3. Suppose 5*d - o = 35. What is the units digit of d?
1
Let c(d) = 8*d - 7*d + 14 - 2*d + 0*d. What is the units digit of c(10)?
4
Suppose -2*b + 51 = -5*x, -4*x - 25 + 4 = -b. Let h = b + -22. What is the tens digit of h?
1
Suppose o - 5 = 41. Suppose -o = -4*d + 2*d. What is the units digit of d?
3
Suppose -3*f - 85 + 304 = 0. What is the units digit of f?
3
Suppose 3*f + 16 = 5*c, -c - 2*c + 24 = 3*f. Suppose 4*q + c*j - 127 = 0, 3*q = -0*q + 3*j + 75. What is the tens digit of q?
2
Suppose 0 = -2*k - 5*y + 28, 4*k + k + 5*y - 55 = 0. What is the units digit of k/6*(-14)/(-3)?
7
Let n(b) be the third derivative of b**4/6 - b**3/3 - 4*b**2. Suppose 0 = -4*s + 9 - 1. What is the units digit of n(s)?
6
Suppose -3*l = -i + l - 16, -4*i = -2*l - 6. Suppose -24 = i*p - 9*p + 2*b, 22 = 5*p - b. Suppose k = -p + 11. What is the units digit of k?
7
What is the hundreds digit of (-3)/(316/(-156) + 2)?
1
Let u(q) = -q**3 + 6*q**2 + 8*q - 4. Let o be u(7). Suppose 5*j + 2*b - 19 = 0, -j + 35 = o*j - 5*b. Let t = 7 - j. What is the units digit of t?
2
Let z = 6 - 13. Let k = 0 - z. What is the units digit of k?
7
Suppose 156 = -0*f + 3*f. Let w = -16 + f. What is the tens digit of w?
3
Let l(w) = -w**2 + 6*w - 3. Let c be l(2). Suppose -3*f = -5*v + 126, -c*f = 2*v - 3*v + 12. Let u = 38 - v. What is the tens digit of u?
1
Let q(r) = 6*r**2 - 4*r + 10. What is the tens digit of q(3)?
5
Suppose x + x - 6 = 0. Suppose 0*z - 2*z = 4*q - 50, 0 = -x*q - z + 38. What is the units digit of q?
3
Let j be (-3)/(-6) - 34/(-4). Suppose -f + 28 = -j. Suppose -n = 0, 15 = -2*r - 2*n + f. What is the units digit of r?
1
Let g = -16 + 17. What is the units digit of 47/1 - (g - 0)?
6
What is the units digit of (10/(-4))/(10/(-20))?
5
Suppose 2*x = -x + 15. Let y(p) = 7 + 6*p - 6*p - p. What is the units digit of y(x)?
2
Let l = 39 - -29. What is the tens digit of l?
6
Let y = -21 - -13. Let k(m) = m**2 + 5*m - 5. Let d be k(y). Suppose -6*a = 4*z - 2*a - 36, -2*z + d = 3*a. What is the units digit of z?
8
Let w(y) = -2*y + 13. What is the units digit of w(-9)?
1
Let z(h) = -h**2 - 6*h + 10. Let j be z(-7). Suppose 2 - 5 = j*g, 0 = 3*m - g - 7. Let t = 0 + m. What is the units digit of t?
2
Suppose 6*z - 2*z + 10 = x, -4*x + 6 = z. What is the tens digit of ((-30)/(-8))/(x/24)?
4
Let k = 3 - 1. Suppose -j + k = 3. What is the units digit of (-1)/(1/(4/j))?
4
Suppose 5*s + 25 = 0, 0*q - 45 = -5*q + s. What is the units digit of 130/q - 4/16?
6
Let q(a) = -a - 11. Let w be q(-15). Let x = 8 - w. What is the units digit of x?
4
Let g(c) = c + 10. Let v be g(-7). Let t be (2/3)/(6/369). Suppose 4*m - v*p = -p + 26, 4*m - t = -p. What is the units digit of m?
9
Let w = -389 + 789. What is the units digit of w/30 - 2/(-3)?
4
Let j be 4 + 4*60/4. Let r = -24 + j. What is the units digit of r?
0
Let o = 67 - 19. Let n = o + -8. What is the tens digit of n?
4
What is the hundreds digit of (-1)/((-2)/250) - (-3 - -7)?
1
Let i = 1 - -1. Let s = i + 4. What is the units digit of (-45)/(-6)*4/s?
5
Suppose -2 = -4*s + 6. Suppose q + i = 4, q + 20 = 6*q + s*i. Suppose -25 = -q*k + 2*b - b, -5*b + 1 = k. What is the units digit of k?
6
Let f = -154 + 270. What is the hundreds digit of f?
1
Let d = -22 + 25. Let n(w) = 41*w**2 + w. Let j be n(1). Suppose 5*a + 5*u = 15 + 35, -5*a - d*u = -j. What is the units digit of a?
6
Suppose 2*w = 5*w - 5*q + 9, 5 = w + q. Suppose -32 = 2*j - 3*j + z, 5*z = -w*j + 71. What is the units digit of j?
3
Suppose -k + 2 = -2*k - 2*c, 0 = -4*k - c + 27. Let h = k + -11. What is the tens digit of 3*h*10/(-5)?
1
Suppose -2*a + 6 = 0, a + 0*a = -4*t + 15. Let s(j) = 4 + j**3 + t*j - 3 + 0 + 6*j**2 - 2*j**2. What is the units digit of s(-3)?
1
Let r(k) = -k**2 + 6*k - 3. Let g be r(5). Suppose g*m - 68 = 18. What is the units digit of m?
3
Let d(w) = 2*w**2 + 2*w - 1. What is the units digit of d(-6)?
9
Suppose -4*v + 34 = -2*b, -4*v - 3*b = 2*b - 27. Let y be (-138)/(-8) + (-2)/v. Suppose -y = -3*d - 0*f - 2*f, 3*d - 47 = 4*f. What is the units digit of d?
9
Let m = -2 - -9. Suppose -92 = -m*o + 5*o. What is the units digit of o?
6
Suppose -3*o + 3 = -12. Suppose -o*w - y - 14 = -4*y, 0 = -w - y + 2. What is the units digit of 7 - 2*w - 2?
7
Let m(k) = k**2 + 17*k + 17. What is the units digit of m(-18)?
5
Let s = 14 - 8. Let g(d) = -d + 4. Let n be g(s). What is the units digit of 1 + (n - (1 + -7))?
5
Suppose -3*n + 118 = -g + 3*g, -2*g = -3*n + 134. What is the units digit of n?
2
Let o(w) = -6*w**3 - 3*w**2 - 4*w - 4. What is the tens digit of o(-2)?
4
Let b(n) = 7*n**2 - n. Let h(u) = u**2 - 1. Let x be h(0). What is the units digit of b(x)?
8
Let q(b) = -33*b - 4. Let t(w) = 8*w + 1. Let o(g) = -2*q(g) - 9*t(g). What is the units digit of o(-2)?
1
Let h(i) = 5*i. Let r(b) = b**2 + 14*b + 7. Let k be r(-14). What is the tens digit of h(k)?
3
Let q = -42 + 76. What is the units digit of q?
4
Let s(y) be the first derivative of -y**2/2 + 3. What is the units digit of s(-6)?
6
Suppose 4*b + b - 140 = 0. What is the units digit of b?
8
Suppose -3*d = 15, d + 22 + 7 = 2*q. Suppose 0 = -2*j + 2*x + 40, 0 = 4*x + 8 + q. Let g = -7 + j. What is the units digit of g?
8
Let a = 9 + -5. Suppose 0 = -5*d + 11 + a. Suppose 0 = -4*w + 2*q + 24, -d*q + 7*q + 20 = w. What is the units digit of w?
4
Suppose -i + 3 = 0, -1721 = -4*x - 3*i - 0*i. What is the hundreds digit of x?
4
Suppose 23 = 3*x + 2. Let k = x + 6. Suppose -s = 2*l - k, 3*l + 4*s - 18 = 4. What is the units digit of l?
6
Let k = 62 + -44. Let x = 40 - k. What is the units digit of x?
2
Suppose -473 = -2*b + 3*a, -4*b - 5*a = b - 1220. What is the hundreds digit of b?
2
What is the tens digit of (-6)/(18/(-105)) + 1?
3
Suppose 8*r + 41 = 2*m + 3*r, -2*m + 2*r + 56 = 0. What is the tens digit of m?
3
Suppose 0 = 3*u + 2*u - 290. What is the tens digit of u?
5
What is the hundreds digit of (-2)/(8/(-4)) + -3 - -136?
1
Let r(l) = l**3 + 